{"id":250,"date":"2016-11-24T10:03:03","date_gmt":"2016-11-24T09:03:03","guid":{"rendered":"http:\/\/www.osirisverlag.ch\/neu\/?page_id=250"},"modified":"2019-08-21T20:58:19","modified_gmt":"2019-08-21T18:58:19","slug":"buchbesprechungen","status":"publish","type":"page","link":"https:\/\/www.osirisverlag.ch\/neu\/buchbesprechungen\/","title":{"rendered":"Buchbesprechungen"},"content":{"rendered":"<p><em>Natale Ferronato &#8211; Ein Verm\u00e4chtnis f\u00fcr die Zukunft der Heilkunde<\/em><\/p>\n<p><strong>Aurora Webinar<\/strong>, August 2019 (<a href=\"http:\/\/www.aurorapharma.com\">www.aurorapharma.com<\/a>)<br \/>\n<a href=\"https:\/\/youtu.be\/6cBO_KGhoFE\">https:\/\/youtu.be\/6cBO_KGhoFE<\/a><\/p>\n<p><strong>Co.med<\/strong>, Oktober 2017 (<a href=\"http:\/\/www.naturheilkunde-kompakt.de\/portal\">www.naturheilkunde-kompakt.de\/portal<\/a>)<br \/>\n<a href=\"https:\/\/www.osirisverlag.ch\/neu\/wp-content\/uploads\/2017\/10\/CO.med_Oktober_Natale-Ferronato_48-50.pdf\">CO.med_Oktober_Natale Ferronato_48-50<\/a><\/p>\n<p><strong>Ze!tpunkt<\/strong>, Nr. 151, Sept.\/Okt. 2017 (<a href=\"http:\/\/www.zeitpunkt.ch\">www.zeitpunkt.ch<\/a>)<br \/>\n<a href=\"https:\/\/www.osirisverlag.ch\/neu\/wp-content\/uploads\/2017\/10\/Zeitpunkt-66_Studer_Verma\u0308chtnis_151.pdf\">Zeitpunkt 66_Studer_Verma\u0308chtnis_151<\/a><\/p>\n<p><strong>heilen heute<\/strong>, Fr\u00fchling 2017 (<a href=\"http:\/\/www.heilenheute.com\">www.heilenheute.com<\/a>)<br \/>\n<a href=\"https:\/\/www.osirisverlag.ch\/neu\/wp-content\/uploads\/2017\/07\/Ein-Verm\u00e4chtnis-f\u00fcr-die-Zukunft-der-Heilkunde.pdf\">Ein Verm\u00e4chtnis f\u00fcr die Zukunft der Heilkunde<\/a><\/p>\n<p><strong>Schweizer Hausapotheke<\/strong>, Februar\/M\u00e4rz 2017<br \/>\n<a href=\"https:\/\/www.osirisverlag.ch\/neu\/wp-content\/uploads\/2017\/02\/Heilen-im-Einklang-mit-der-Natur.pdf\">Heilen im Einklang mit der Natur<\/a><\/p>\n<p><strong>Tagblatt<\/strong>, 28. Dezember 2016<br \/>\n<a href=\"https:\/\/www.osirisverlag.ch\/neu\/wp-content\/uploads\/2017\/01\/St.-Galler-Tagblatt-28.12.2016.pdf\">St. Galler Tagblatt 28.12.2016<\/a><\/p>\n<p><strong>St. Galler Nachrichten<\/strong>, 24. Nov. 2016<br \/>\n<a href=\"https:\/\/www.osirisverlag.ch\/neu\/wp-content\/uploads\/2016\/11\/Diagnose-aus-dem-Gesicht-heraus.pdf\">diagnose-aus-dem-gesicht-heraus<\/a><\/p>\n<p><strong>Natur\u00e4rzte Vereinigung Schweiz NVS<\/strong>, 15. Nov. 2016<br \/>\n<a href=\"https:\/\/www.osirisverlag.ch\/neu\/wp-content\/uploads\/2016\/11\/Natale-Ferronato-Studer_Buchrezension-cuv.pdf\">natale-ferronato-studer_buchrezension-cuv<\/a><\/p>\n","protected":false},"excerpt":{"rendered":"<p>Natale Ferronato &#8211; Ein Verm\u00e4chtnis f\u00fcr die Zukunft der Heilkunde Aurora Webinar, August 2019 (www.aurorapharma.com) https:\/\/youtu.be\/6cBO_KGhoFE Co.med, Oktober 2017 (www.naturheilkunde-kompakt.de\/portal) CO.med_Oktober_Natale Ferronato_48-50 Ze!tpunkt, Nr. 151, Sept.\/Okt. 2017 (www.zeitpunkt.ch) Zeitpunkt 66_Studer_Verma\u0308chtnis_151 heilen heute, Fr\u00fchling 2017 (www.heilenheute.com) Ein Verm\u00e4chtnis f\u00fcr die Zukunft der Heilkunde Schweizer Hausapotheke, Februar\/M\u00e4rz 2017 Heilen im Einklang mit der Natur Tagblatt, 28. Dezember [&hellip;]<\/p>\n","protected":false},"author":1,"featured_media":0,"parent":0,"menu_order":0,"comment_status":"closed","ping_status":"closed","template":"","meta":{"footnotes":""},"_links":{"self":[{"href":"https:\/\/www.osirisverlag.ch\/neu\/wp-json\/wp\/v2\/pages\/250"}],"collection":[{"href":"https:\/\/www.osirisverlag.ch\/neu\/wp-json\/wp\/v2\/pages"}],"about":[{"href":"https:\/\/www.osirisverlag.ch\/neu\/wp-json\/wp\/v2\/types\/page"}],"author":[{"embeddable":true,"href":"https:\/\/www.osirisverlag.ch\/neu\/wp-json\/wp\/v2\/users\/1"}],"replies":[{"embeddable":true,"href":"https:\/\/www.osirisverlag.ch\/neu\/wp-json\/wp\/v2\/comments?post=250"}],"version-history":[{"count":12,"href":"https:\/\/www.osirisverlag.ch\/neu\/wp-json\/wp\/v2\/pages\/250\/revisions"}],"predecessor-version":[{"id":394,"href":"https:\/\/www.osirisverlag.ch\/neu\/wp-json\/wp\/v2\/pages\/250\/revisions\/394"}],"wp:attachment":[{"href":"https:\/\/www.osirisverlag.ch\/neu\/wp-json\/wp\/v2\/media?parent=250"}],"curies":[{"name":"wp","href":"https:\/\/api.w.org\/{rel}","templated":true}]}}

<p><em>Natale Ferronato &#8211; Ein Vermächtnis für die Zukunft der Heilkunde</em></p>
<p><strong>Aurora Webinar</strong>, August 2019 (<a href="http://www.aurorapharma.com">www.aurorapharma.com</a>)<br />
<a href="https://youtu.be/6cBO_KGhoFE">https://youtu.be/6cBO_KGhoFE</a></p>
<p><strong>Co.med</strong>, Oktober 2017 (<a href="http://www.naturheilkunde-kompakt.de/portal">www.naturheilkunde-kompakt.de/portal</a>)<br />
<a href="https://www.osirisverlag.ch/neu/wp-content/uploads/2017/10/CO.med_Oktober_Natale-Ferronato_48-50.pdf">CO.med_Oktober_Natale Ferronato_48-50</a></p>
<p><strong>Ze!tpunkt</strong>, Nr. 151, Sept./Okt. 2017 (<a href="http://www.zeitpunkt.ch">www.zeitpunkt.ch</a>)<br />
<a href="https://www.osirisverlag.ch/neu/wp-content/uploads/2017/10/Zeitpunkt-66_Studer_Vermächtnis_151.pdf">Zeitpunkt 66_Studer_Vermächtnis_151</a></p>
<p><strong>heilen heute</strong>, Frühling 2017 (<a href="http://www.heilenheute.com">www.heilenheute.com</a>)<br />
<a href="https://www.osirisverlag.ch/neu/wp-content/uploads/2017/07/Ein-Vermächtnis-für-die-Zukunft-der-Heilkunde.pdf">Ein Vermächtnis für die Zukunft der Heilkunde</a></p>
<p><strong>Schweizer Hausapotheke</strong>, Februar/März 2017<br />
<a href="https://www.osirisverlag.ch/neu/wp-content/uploads/2017/02/Heilen-im-Einklang-mit-der-Natur.pdf">Heilen im Einklang mit der Natur</a></p>
<p><strong>Tagblatt</strong>, 28. Dezember 2016<br />
<a href="https://www.osirisverlag.ch/neu/wp-content/uploads/2017/01/St.-Galler-Tagblatt-28.12.2016.pdf">St. Galler Tagblatt 28.12.2016</a></p>
<p><strong>St. Galler Nachrichten</strong>, 24. Nov. 2016<br />
<a href="https://www.osirisverlag.ch/neu/wp-content/uploads/2016/11/Diagnose-aus-dem-Gesicht-heraus.pdf">diagnose-aus-dem-gesicht-heraus</a></p>
<p><strong>Naturärzte Vereinigung Schweiz NVS</strong>, 15. Nov. 2016<br />
<a href="https://www.osirisverlag.ch/neu/wp-content/uploads/2016/11/Natale-Ferronato-Studer_Buchrezension-cuv.pdf">natale-ferronato-studer_buchrezension-cuv</a></p>

<p>Natale Ferronato &#8211; Ein Vermächtnis für die Zukunft der Heilkunde Aurora Webinar, August 2019 (www.aurorapharma.com) https://youtu.be/6cBO_KGhoFE Co.med, Oktober 2017 (www.naturheilkunde-kompakt.de/portal) CO.med_Oktober_Natale Ferronato_48-50 Ze!tpunkt, Nr. 151, Sept./Okt. 2017 (www.zeitpunkt.ch) Zeitpunkt 66_Studer_Vermächtnis_151 heilen heute, Frühling 2017 (www.heilenheute.com) Ein Vermächtnis für die Zukunft der Heilkunde Schweizer Hausapotheke, Februar/März 2017 Heilen im Einklang mit der Natur Tagblatt, 28. Dezember [&hellip;]</p>
