{"id":110,"date":"2016-09-19T21:48:12","date_gmt":"2016-09-19T19:48:12","guid":{"rendered":"http:\/\/www.osirisverlag.ch\/neu\/?page_id=110"},"modified":"2026-02-05T20:22:45","modified_gmt":"2026-02-05T19:22:45","slug":"gesundheit-in-der-krise-fakten-und-visionen","status":"publish","type":"page","link":"https:\/\/www.osirisverlag.ch\/neu\/gesundheit-in-der-krise-fakten-und-visionen\/","title":{"rendered":"Gesundheit in der Krise. Fakten und Visionen"},"content":{"rendered":"<p><img loading=\"lazy\" decoding=\"async\" class=\"wp-image-131 alignleft\" src=\"https:\/\/www.osirisverlag.ch\/neu\/wp-content\/uploads\/2016\/09\/Cover-Gesundheit-in-der-Krise-001.jpg\" alt=\"cover-gesundheit-in-der-krise-001\" width=\"166\" height=\"245\" srcset=\"https:\/\/www.osirisverlag.ch\/neu\/wp-content\/uploads\/2016\/09\/Cover-Gesundheit-in-der-Krise-001.jpg 3800w, https:\/\/www.osirisverlag.ch\/neu\/wp-content\/uploads\/2016\/09\/Cover-Gesundheit-in-der-Krise-001-203x300.jpg 203w, https:\/\/www.osirisverlag.ch\/neu\/wp-content\/uploads\/2016\/09\/Cover-Gesundheit-in-der-Krise-001-768x1133.jpg 768w, https:\/\/www.osirisverlag.ch\/neu\/wp-content\/uploads\/2016\/09\/Cover-Gesundheit-in-der-Krise-001-700x1033.jpg 700w, https:\/\/www.osirisverlag.ch\/neu\/wp-content\/uploads\/2016\/09\/Cover-Gesundheit-in-der-Krise-001-624x921.jpg 624w\" sizes=\"(max-width: 166px) 100vw, 166px\" \/>Hans-Peter Studer<br \/>\n<strong>Gesundheit in der Krise. Fakten und Visionen<\/strong><br \/>\nVerlag AAMI, 2. Auflage, Breganzona 1996, 415 Seiten, Pb<\/p>\n<p>jetzt zu beziehen beim Osiris Verlag, CH-9037 Speicherschwendi, ISBN 3-9520820-0-7<br \/>\nFr. 17.00, \u20ac 15.00<br \/>\nBei Privatbestellung Gratisversand CH und FL<\/p>\n<p>Es ist krank, unser Gesundheitswesen. Es verschlingt in der Schweiz &#8211; wie in anderen Industriel\u00e4ndern auch &#8211; stets gr\u00f6ssere Unsummen und vermag dennoch immer weniger tats\u00e4chlich zu heilen. Vielmehr beseitigt und unterdr\u00fcckt es oft nur noch die Symptome all unserer Zivilisationskrankheiten oder ruft sogar neue hervor. Auch gehen wir dank einer perfektionierten Spitzenmedizin bloss um so sorgloser mit unserer Gesundheit um und brauchen nichts an den gesellschaftlichen Bedingungen zu \u00e4ndern, die uns \u00fcberhaupt erst krankmachen. Der stets gigantischere Medizinbetrieb l\u00e4uft so gesehen Gefahr, nur noch jenen wirklich zu dienen, die daran verdienen. Allerdings wird das f\u00fcr alle immer schwieriger bezahlbar. Und je mehr der Leidendruck steigt, desto mehr entsteht Raum f\u00fcr die Einsicht, nach neuen Wegen suchen zu m\u00fcssen &#8211; sowohl in der Medizin als auch in der Gesellschaft.<\/p>\n<p>Das Buch von Hans-Peter Studer er\u00f6ffnet diesbez\u00fcglich ganz neue Perspektiven. Noch nie wurde unser Gesundheitswesen und seine Eigendynamik derart umfassend analysiert. Es zeigt aber auch in vision\u00e4rer Weise auf, wie die Krise der Gesundheit und des Gesundheitswesens zur grossen Chance grundlegender Neuentwicklungen werden kann. Wer sich die M\u00fche nimmt, die Vorschl\u00e4ge unvoreingenommen zu hinterfragen, wird zum Schluss kommen, dass unser Gesundheitswesen und wir mit ihm nur so gesunden k\u00f6nnen.<\/p>\n<p><strong>Dr. oec. HSG Hans-Peter Studer<\/strong> wurde 1957 in St. Gallen geboren und lebt und arbeitet heute im appenzellischen Speicherschwendi. Als selbstst\u00e4ndiger Mitwelt und Gesundheits\u00f6konom leitet er Weiterbildungskurse im Gesundheitswesen und in der Erwachsenenbildung, h\u00e4lt Vortr\u00e4ge und ist als Berater und Publizist t\u00e4tig.<\/p>\n<p><a href=\"https:\/\/www.osirisverlag.ch\/neu\/bestellung\/?id=8\">Buch bestellen<\/a><\/p>\n","protected":false},"excerpt":{"rendered":"<p>Hans-Peter Studer Gesundheit in der Krise. Fakten und Visionen Verlag AAMI, 2. Auflage, Breganzona 1996, 415 Seiten, Pb jetzt zu beziehen beim Osiris Verlag, CH-9037 Speicherschwendi, ISBN 3-9520820-0-7 Fr. 17.00, \u20ac 15.00 Bei Privatbestellung Gratisversand CH und FL Es ist krank, unser Gesundheitswesen. Es verschlingt in der Schweiz &#8211; wie in anderen Industriel\u00e4ndern auch &#8211; [&hellip;]<\/p>\n","protected":false},"author":1,"featured_media":0,"parent":0,"menu_order":0,"comment_status":"closed","ping_status":"closed","template":"","meta":{"footnotes":""},"_links":{"self":[{"href":"https:\/\/www.osirisverlag.ch\/neu\/wp-json\/wp\/v2\/pages\/110"}],"collection":[{"href":"https:\/\/www.osirisverlag.ch\/neu\/wp-json\/wp\/v2\/pages"}],"about":[{"href":"https:\/\/www.osirisverlag.ch\/neu\/wp-json\/wp\/v2\/types\/page"}],"author":[{"embeddable":true,"href":"https:\/\/www.osirisverlag.ch\/neu\/wp-json\/wp\/v2\/users\/1"}],"replies":[{"embeddable":true,"href":"https:\/\/www.osirisverlag.ch\/neu\/wp-json\/wp\/v2\/comments?post=110"}],"version-history":[{"count":11,"href":"https:\/\/www.osirisverlag.ch\/neu\/wp-json\/wp\/v2\/pages\/110\/revisions"}],"predecessor-version":[{"id":466,"href":"https:\/\/www.osirisverlag.ch\/neu\/wp-json\/wp\/v2\/pages\/110\/revisions\/466"}],"wp:attachment":[{"href":"https:\/\/www.osirisverlag.ch\/neu\/wp-json\/wp\/v2\/media?parent=110"}],"curies":[{"name":"wp","href":"https:\/\/api.w.org\/{rel}","templated":true}]}}